ltiple of 156?
False
Is 25 a factor of 43081634?
False
Does 224 divide 2415305312?
True
Is 27 a factor of 121631895?
True
Does 57 divide 12506671?
False
Is 7 a factor of 419375800?
False
Is 336 a factor of 1035470580?
False
Is 129899282 a multiple of 20?
False
Does 1092 divide 27294540?
True
Is 97889862 a multiple of 1527?
True
Does 10 divide 14408880?
True
Is 31227257 a multiple of 2?
False
Is 1436 a factor of 115417158?
False
Is 12071678 a multiple of 3?
False
Does 1619 divide 125692838?
False
Does 50 divide 693206950?
True
Is 1436 a factor of 1326635676?
True
Does 2215 divide 111494240?
True
Does 14 divide 7848770347?
False
Is 204 a factor of 449825180?
False
Is 1204927885 a multiple of 287?
True
Is 7448419 a multiple of 77?
False
Is 21 a factor of 3437209406?
False
Is 6 a factor of 69959874?
True
Is 4557608 a multiple of 268?
True
Is 5628990 a multiple of 15?
True
Is 98 a factor of 755501698?
True
Does 61 divide 25659528?
True
Does 1288 divide 103962208?
True
Is 49767445 a multiple of 35?
True
Is 1249 a factor of 685258854?
True
Is 659790624 a multiple of 4?
True
Does 388 divide 11688322?
False
Does 1424 divide 1219377336?
False
Is 27130818 a multiple of 614?
True
Is 747 a factor of 20896640?
False
Is 20911539 a multiple of 33?
True
Does 32 divide 1761311?
False
Is 715 a factor of 1138899190?
True
Is 106480526 a multiple of 1442?
False
Does 55 divide 412878163?
False
Is 28405814 a multiple of 160?
False
Does 31 divide 34329710?
True
Does 2777 divide 1209261312?
True
Does 89 divide 2440469?
True
Does 493 divide 1820649?
True
Does 700 divide 39766300?
True
Is 51 a factor of 244377720?
True
Does 32 divide 14259648?
True
Is 181 a factor of 192799051?
False
Is 1223 a factor of 2833364184?
False
Is 18 a factor of 24841812?
False
Is 3916200 a multiple of 305?
True
Does 40 divide 19406240?
True
Is 9 a factor of 58689279?
True
Is 138915632 a multiple of 51?
False
Is 7318192 a multiple of 14?
True
Is 5619 a factor of 1665553402?
False
Is 18364973 a multiple of 142?
False
Is 777 a factor of 161347860?
False
Is 144 a factor of 9619632?
True
Is 307 a factor of 12201043?
False
Is 4 a factor of 66274784?
True
Is 29 a factor of 71304432?
False
Is 88 a factor of 59667344?
True
Is 580 a factor of 1739139291?
False
Is 812 a factor of 11924730?
False
Is 18124488 a multiple of 417?
True
Does 8 divide 604360064?
True
Does 25 divide 41445139?
False
Does 29 divide 77119090?
False
Is 99 a factor of 11086347?
False
Is 180 a factor of 12562020?
True
Is 25576096 a multiple of 1828?
False
Does 2475 divide 38624212?
False
Is 183506778 a multiple of 13?
True
Does 32 divide 17900207?
False
Is 623682996 a multiple of 438?
False
Does 82 divide 223269584?
False
Is 29 a factor of 97534482?
True
Is 7142096963 a multiple of 14?
False
Does 250 divide 474321848?
False
Is 2972281950 a multiple of 90?
True
Does 5281 divide 344000015?
False
Is 4036 a factor of 985090736?
True
Is 18 a factor of 21113067?
False
Is 222 a factor of 4097946?
False
Does 7 divide 786404773?
True
Does 7 divide 714555157?
False
Is 1281 a factor of 391519953?
False
Is 9 a factor of 764207451?
True
Is 1791 a factor of 100417788?
True
Is 50089699 a multiple of 7337?
True
Does 2240 divide 333616640?
True
Is 8295215 even?
False
Does 5581 divide 1131879286?
False
Is 1801 a factor of 11282001?
False
Is 22 a factor of 36887287?
False
Does 67 divide 104969436?
True
Does 2 divide 23364644?
True
Does 1543 divide 260321073?
True
Is 17517025 a multiple of 5?
True
Does 419 divide 74205319?
True
Does 23 divide 19963556?
False
Does 69 divide 50314561?
False
Does 1049 divide 190784777?
True
Does 37 divide 114029899?
False
Is 16027557 a multiple of 273?
True
Is 37 a factor of 196697587?
True
Is 32956128 a multiple of 12?
True
Is 253 a factor of 4185679311?
True
Is 12227977 a multiple of 424?
False
Does 84 divide 1308804?
True
Is 14 a factor of 26592328?
True
Is 710 a factor of 60478510?
True
Is 12 a factor of 370254984?
True
Is 28422272 a multiple of 250?
False
Is 10 a factor of 421296296?
False
Is 1416 a factor of 54370152?
True
Does 13 divide 4239305696?
False
Does 4406 divide 1023500582?
True
Is 701 a factor of 10673180?
False
Is 1411 a factor of 691006208?
True
Is 3735909 a multiple of 1611?
True
Does 2473 divide 108412627?
False
Is 213979800 a multiple of 71?
True
Is 23385319 even?
False
Does 238 divide 107844464?
True
Is 78734734 a multiple of 14?
False
Is 4426089833 a multiple of 4715?
False
Does 613 divide 2474986274?
True
Does 112 divide 46688880?
True
Is 7921914 a multiple of 42?
True
Does 32 divide 73654268?
False
Is 5050438 a multiple of 68?
False
Is 62407985 a multiple of 87?
False
Does 327 divide 16446313?
False
Does 30 divide 914219280?
True
Is 9981701 a multiple of 346?
False
Is 3108 a factor of 176668044?
True
Is 8 a factor of 315555008?
True
Is 2160 a factor of 218646000?
True
Is 30 a factor of 179411940?
True
Is 112 a factor of 91631731?
False
Is 717908680 a multiple of 241?
False
Is 52 a factor of 604773468?
True
Is 182 a factor of 1057324274?
False
Does 172 divide 10413346?
False
Is 24979944 a multiple of 22?
True
Is 3521916 a multiple of 6?
True
Is 1612059312 a multiple of 3561?
False
Does 25 divide 30627775?
True
Is 4088026 a multiple of 5?
False
Does 99 divide 116420786?
False
Does 13 divide 495640?
False
Does 61 divide 13155585?
False
Does 15 divide 1752290571?
False
Is 75 a factor of 25101750?
True
Is 285018703 a multiple of 562?
False
Is 172 a factor of 453956160?
True
Is 7160573 a multiple of 23?
False
Is 17173003 a multiple of 14?
False
Is 194911147 a multiple of 7?
False
Does 159 divide 180230952?
True
Does 2315 divide 652582295?
True
Is 149 a factor of 37150653?
False
Is 42681873 a multiple of 81?
False
Is 78146475 a multiple of 2?
False
Is 312440201 a multiple of 1921?
False
Is 88 a factor of 101241624?
True
Is 20 a factor of 215321000?
True
Is 2770853020 a multiple of 61?
True
Is 35773075 a multiple of 13?
True
Is 45524052 a multiple of 3849?
False
Does 16 divide 2135270?
False
Is 13 a factor of 89467958?
False
Does 8 divide 33808648?
True
Is 135 a factor of 26203500?
True
Is 26166617 a multiple of 4299?
False
Is 39 a factor of 320748139?
False
Is 145 a factor of 49162903?
False
Does 82 divide 123222127?
False
Is 407 a factor of 169815866?
True
Does 5241 divide 2460135882?
True
Is 77 a factor of 14312610?
False
Is 2031504404 a multiple of 155?
False
Is 1381689044 a multiple of 89?
True
Is 900183416 a multiple of 4337?
False
Is 435723236 a multiple of 26?
True
Is 56 a factor of 198250808?
True
Is 35788330 a multiple of 695?
True
Does 596 divide 186548?
True
Does 670 divide 14226496?
False
Is 55 a factor of 160534515?
False
Is 1876 a factor of 214366768?
True
Is 1732042391 a multiple of 369?
False
Does 8528 divide 1080530774?
False
Is 8 a factor of 180986080?
True
Is 176 a factor of 10133728?
True
Is 1187827284 a multiple of 84?
True
Does 182 divide 10523422?
True
Is 4648543 a multiple of 102?
False
Is 31476361 a multiple of 51?
False
Is 18 a factor of 55948986?
True
Is 1438281 a multiple of 210?
False
Is 601 a factor of 414100419?
True
Is 353 a factor of 57558415?
True
Does 1486 divide 278103414?
True
Does 7 divide 10797990?
True
Does 25 divide 4270725?
True
Is 22 a factor of 630125906?
False
Does 8 divide 2791424?
True
Is 141827285 a multiple of 21?
False
Does 424 divide 38220208?
True
Is 315484453 a multiple of 2491?
False
Is 18 a factor of 13077337?
False
Does 2952 divide 64919739?
False
Is 3897180147 a multiple of 21?
True
Is 20 a factor of 133262480?
True
Is 494922717 a multiple of 459?
True
Is 47 a factor of 944063186?
False
Is 427582770 a multiple of 3945?
True
Is 15450028 a multiple of 1945?
False
Is 182843813 a multiple of 23?
True
Does 23 divide 71770917?
False
Is 2719249 a multiple of 237?
False
Is 973929488 a multiple of 100?
False
Is 1140792193 a multiple of 323?
False
Does 1416 divide 41420832?
True
Is 27321061 a multiple of 15?
False
Is 3954002 a multiple of 1473?
False
Is 451 a factor of 37855587?
True
Is 3 a factor of 814885627?
False
Does 51 divide 3730284789?
True
Is 1475356476 a multiple of 7458?
True
Does 31 divide 4928194?
True
Does 18 divide 2723406?
False
Does 29 divide 11077228?
False
Is 47 a factor of 38394259?
False
Is 777 a factor of 1963810?
False
Is 90 a fact